 12/16 is divided by 13.
10
Let q(a) = 3*a**2 + 4. Let l(z) = -2*z**2 - 5. Let c(g) = 5*l(g) + 6*q(g). What is the remainder when 12 is divided by c(-1)?
5
Let i(r) = -3*r - 8 + 5 + 4*r + 8*r - r**2. Suppose 6*b + q - 49 = b, 4*b = -4*q + 52. What is the remainder when i(6) is divided by b?
6
Let x = 18 - 8. Suppose -f + 65 - x = 0. What is the remainder when f is divided by 19?
17
Let g(y) = y**3 - 4*y**2 - 4*y + 3. Let v be g(4). Let b = 24 + v. Suppose -3*u + 8*u - 4*s = 18, -2*s + 12 = u. What is the remainder when b is divided by u?
5
Let c = 14 + 14. Let f = 39 - c. Let l = 22 - 15. What is the remainder when f is divided by l?
4
Let p be ((-2)/(-2))/((-2)/(-16)). Suppose -36 = 4*q - p*q. Calculate the remainder when 34 is divided by q.
7
Let j(v) = -v**3 - 5*v**2 - 7*v - 6. What is the remainder when j(-4) is divided by 5?
1
Let i = 193 - 136. Calculate the remainder when i is divided by 19 - 2*(-3)/6.
17
Suppose 0 = -5*d + 253 + 32. Calculate the remainder when d is divided by 3*7 + (0 - 1).
17
Suppose -4*d + s + 35 = -8, 4*s = -d - 2. Calculate the remainder when d is divided by 1 + (-2 - (-4 + -1)).
2
Let z(j) = j**2. Let w(k) = 14*k**2 + k + 1. Calculate the remainder when z(-5) is divided by w(-1).
11
Let q = 34 + -12. What is the remainder when 7/(-14)*-1*q is divided by 3?
2
Suppose -5*g + 2*g - 26 = -u, -g = 5. Calculate the remainder when u is divided by 7.
4
Suppose 3*d - 2*d = 5*q - 9, -2*d = 5*q + 3. Let g be 7 + 2/d*6. Suppose -g*p + 42 = -p. What is the remainder when p is divided by 8?
6
Let a(b) = 2*b - 13. Let f(u) = 20*u**2. What is the remainder when f(-1) is divided by a(10)?
6
Calculate the remainder when 51 is divided by (-473)/(-55) + 2/5.
6
Let a(s) = 2*s. Let q be -1 + -1*(3 - 2). Let i be a(q). Let b = i + 6. What is the remainder when b is divided by 1?
0
Suppose 2*p + p - 15 = 0. Let j(u) = 3*u**3 - 4*u**2 - 2*u + 3. Let q be j(3). Suppose -p*c = -2*c - q. What is the remainder when 40 is divided by c?
12
Suppose 5*f - 2*o = 2*o - 125, 4*f = -o - 121. Suppose -2*i = 3*i - 205. Let c = i + f. Calculate the remainder when 22 is divided by c.
10
What is the remainder when 8/14 + (-6538)/(-49) is divided by 34?
32
Suppose 0 = -4*h + 60 + 60. Calculate the remainder when h is divided by 18.
12
Let n = 1 + 1. Suppose -n*t = -t - 20. Calculate the remainder when (6/(-9))/((-6)/711) is divided by t.
19
Let f = 157 - 111. Let u = -3 + 3. Suppose 6 = b + 5*y - u, 3*b + 3*y - 42 = 0. What is the remainder when f is divided by b?
14
Let q = -61 - -70. Calculate the remainder when 41 is divided by q.
5
Let c(o) = -4*o + 5. Let p be c(-6). Let l = 53 - p. Let u = l - 10. Calculate the remainder when 40 is divided by u.
12
Let r(p) = -18*p - 3. Calculate the remainder when (42/27)/(9/567) is divided by r(-2).
32
Suppose 7 = 2*z - 1. Suppose -8*y + 24 = -4*y. What is the remainder when y is divided by z?
2
Let h(t) = 8*t**2 - t + 6. Let m be h(-6). What is the remainder when 29 is divided by (-2)/4*m/(-10)?
14
Let x be ((-12)/9)/((-6)/(-27)). Let f = 5 - 20. Let s = x - f. What is the remainder when 17 is divided by s?
8
Suppose -p + c = -15, -3*p + 7*p - 60 = 2*c. Calculate the remainder when 74 is divided by p.
14
Suppose -2*x + 5*j = -0*x - 245, 2*j = -2*x + 210. Suppose 0 = -3*t - 2*t + x. What is the remainder when t is divided by 12?
10
Suppose 5*v - 6*v - 2*q + 88 = 0, 458 = 5*v + q. What is the remainder when v is divided by 20?
12
Let d = 72 + -42. Calculate the remainder when 52 is divided by d.
22
Let o(z) = -z**2 + z + 15. Let t be o(7). Calculate the remainder when (2/3)/((-6)/t) is divided by 3.
0
Suppose -59 = -4*l + 49. Calculate the remainder when l is divided by 16.
11
Suppose -4*k - 10 = -6*k. Suppose -3*u + 1 = 2*h - 5, k*u - 2 = -2*h. Let v = -18 + 29. Calculate the remainder when v is divided by h.
5
Let t(o) = -o - 1. Calculate the remainder when 148 is divided by t(-6).
3
Let d = 234 + -344. Let t be (d/(-8))/((-2)/(-8)). Suppose -q - 5*s + 43 = -17, 0 = -2*q + 3*s + t. Calculate the remainder when q is divided by 12.
11
Calculate the remainder when 68 is divided by 2/3 - ((-74)/6 + 3).
8
Let m(z) = 8*z - 7. Calculate the remainder when m(14) is divided by 18.
15
Let r(s) = -s + 43. What is the remainder when r(16) is divided by 15?
12
Let j = 357 + -344. Suppose 0 = z + 2*a - 2, -2*z - 3*a + 23 = 2*z. Calculate the remainder when j is divided by z.
5
Let s = 16 + 6. Suppose 0 = d + i - 28, -d + 2*i + 3*i + s = 0. What is the remainder when d is divided by (4 - 4) + 15 + -1?
13
Suppose 0 = -4*g - 6 + 30. What is the remainder when 2/((0 - -1)/5) is divided by g?
4
Let b(d) = d**3 - 10*d**2 + 12*d + 2. Suppose 2*l - 122 = 104. What is the remainder when l is divided by b(9)?
26
Let j be (1 - (-14)/6)*3. What is the remainder when 95/j + (-2)/4 is divided by 5?
4
Calculate the remainder when (0 - -1) + (-37)/(3 - 4) is divided by 10.
8
Let g be 1/(-2)*(-7 - -1). Suppose g*u - h = 76, -h = -4*u + h + 100. What is the remainder when u is divided by 15?
11
Let k = 131 + -79. Let t = k - 15. What is the remainder when t is divided by 19?
18
Let s be (-122)/(-6) + (-2)/(-3). Let m = 8 - s. Calculate the remainder when (-3 - (-2 - -1))*m is divided by 14.
12
Calculate the remainder when (-4)/(-10)*50/5 is divided by 4.
0
Suppose h = -2*h + 657. Calculate the remainder when h is divided by 17.
15
Suppose -d - u + 13 = 0, 3*d + 5*u = 70 - 23. What is the remainder when 17 is divided by d?
8
Suppose 6*d - 4*d - 70 = -2*y, -4*y - 12 = 0. Let h = 87 - d. Calculate the remainder when h is divided by 13.
10
Let m be (-15)/(-2)*(-16)/(-3). Suppose 3*c - 4*q = 17, -q - 5 = -6*q. What is the remainder when (-24)/m - (-103)/5 is divided by c?
6
Let s(p) = p**2 + 3*p - 1. Let v be s(3). Suppose -4*d = -3 - v. Suppose -l - 17 = -4*c, c + c - d*l = -5. Calculate the remainder when 9 is divided by c.
4
Let w(o) = 4*o + 1. Let z(v) = 5*v**2 - 3*v + 2. What is the remainder when z(2) is divided by w(2)?
7
Let l = 22 - -1. What is the remainder when l is divided by 14?
9
Let m be (-24)/(-14) + 6/21. Suppose 0 = 2*q - 4*c - 8, 3*q + m*q - 20 = 2*c. What is the remainder when 33 is divided by (34/4)/(2/q)?
16
Let a(k) = 3*k - 8. Let w(f) = 4*f - 9. Let q(b) = 5*a(b) - 4*w(b). Let r(p) = 6*p**3. Let j be r(-1). Calculate the remainder when 3 is divided by q(j).
1
Suppose k - 8 = -3*y + y, -5*y + k + 6 = 0. Let h(v) = -4 - 2*v**y + 5*v**2 + 1. What is the remainder when h(3) is divided by 13?
11
Suppose -5*x = 0, -n = 2*n + 5*x - 18. Let s = n + -10. Calculate the remainder when 172/5 - s/(-10) is divided by 18.
16
Suppose -12 = 3*k, 0 = 2*c + c - k - 25. Suppose c*v - 92 = 3*v. What is the remainder when v is divided by 6?
5
Let o(w) = -w - 1. Let c be o(6). Let y = c - -12. What is the remainder when 9 is divided by y?
4
Let h = -35 - -54. Let z(b) = -b**3 - 3*b**2 + 10*b + 8. What is the remainder when z(-6) is divided by h?
18
Let j = -14 - -20. Let w(u) be the first derivative of 2*u**2 - 5*u + 1. What is the remainder when w(j) is divided by 7?
5
Let u = -24 + 44. Calculate the remainder when u is divided by 12.
8
Suppose -3*s + 102 = 3*s. Calculate the remainder when 63 is divided by s.
12
Let w(t) = -t**3 + 6*t**2 - 3*t + 5. Let d be w(5). Let s = d + -4. Suppose 18 = 3*h - 0*h. What is the remainder when s is divided by h?
5
Let t(r) = -r**2 - 9*r - 5. Let b be t(-8). Let d = 15 - b. Let l = -5 - -12. What is the remainder when d is divided by l?
5
Let x(l) = l**3 + 12*l**2 + l + 14. What is the remainder when 6 is divided by x(-12)?
0
Let z(n) = -39*n**2 - 5*n - 1. Let r(u) = -u**2 + u. Let d(x) = 5*r(x) + z(x). Let m be d(-1). Calculate the remainder when -1*2 + (-2 - m) is divided by 11.
8
Let d(i) = -i**2 + 38. Calculate the remainder when d(0) is divided by 13.
12
Suppose 0*p + 6 = 2*p. Suppose -33 = p*q - 2*q. Let x = 23 - q. What is the remainder when x is divided by 19?
18
Let z(i) = i**3 - 2*i**2 - 5*i + 9. What is the remainder when 103 is divided by z(4)?
19
Suppose z = -5, -5*z + 18 - 7 = 3*b. What is the remainder when 34 is divided by b?
10
Let f(k) = 3*k - 3. Let l be f(5). Suppose 8*m = 9*m - l. Let z(u) = -8*u - 1. Calculate the remainder when m is divided by z(-1).
5
Let p = 12 + 14. Let f(h) = 5*h 